nder when 769 is divided by 71.
59
What is the remainder when 182 is divided by 92?
90
What is the remainder when 8437 is divided by 31?
5
Calculate the remainder when 144 is divided by 20.
4
Calculate the remainder when 506 is divided by 94.
36
Calculate the remainder when 573 is divided by 255.
63
What is the remainder when 19424 is divided by 12?
8
What is the remainder when 179 is divided by 40?
19
What is the remainder when 2094 is divided by 3?
0
Calculate the remainder when 587 is divided by 28.
27
Calculate the remainder when 456 is divided by 39.
27
What is the remainder when 193 is divided by 42?
25
What is the remainder when 3 is divided by 1?
0
Calculate the remainder when 364 is divided by 54.
40
What is the remainder when 4025 is divided by 22?
21
Calculate the remainder when 121 is divided by 74.
47
What is the remainder when 404 is divided by 120?
44
Calculate the remainder when 39 is divided by 10.
9
What is the remainder when 225 is divided by 27?
9
What is the remainder when 64 is divided by 41?
23
Calculate the remainder when 1273 is divided by 107.
96
Calculate the remainder when 893 is divided by 23.
19
What is the remainder when 3818 is divided by 13?
9
What is the remainder when 3084 is divided by 1008?
60
Calculate the remainder when 841 is divided by 47.
42
Calculate the remainder when 878 is divided by 150.
128
What is the remainder when 444 is divided by 5?
4
Calculate the remainder when 199 is divided by 19.
9
Calculate the remainder when 138 is divided by 67.
4
What is the remainder when 42965 is divided by 217?
216
Calculate the remainder when 225 is divided by 70.
15
Calculate the remainder when 85 is divided by 48.
37
What is the remainder when 136 is divided by 42?
10
What is the remainder when 352 is divided by 68?
12
Calculate the remainder when 1749 is divided by 14.
13
Calculate the remainder when 21428 is divided by 10.
8
What is the remainder when 467 is divided by 169?
129
What is the remainder when 206 is divided by 41?
1
Calculate the remainder when 549 is divided by 29.
27
Calculate the remainder when 1152 is divided by 15.
12
Calculate the remainder when 101 is divided by 54.
47
What is the remainder when 1295 is divided by 31?
24
What is the remainder when 52 is divided by 25?
2
Calculate the remainder when 530 is divided by 28.
26
Calculate the remainder when 1053 is divided by 10.
3
What is the remainder when 391 is divided by 44?
39
Calculate the remainder when 549 is divided by 10.
9
Calculate the remainder when 545 is divided by 92.
85
Calculate the remainder when 927 is divided by 413.
101
What is the remainder when 266 is divided by 27?
23
Calculate the remainder when 809 is divided by 14.
11
What is the remainder when 1084 is divided by 84?
76
What is the remainder when 175 is divided by 59?
57
What is the remainder when 6402 is divided by 15?
12
Calculate the remainder when 43 is divided by 33.
10
Calculate the remainder when 591 is divided by 35.
31
What is the remainder when 202 is divided by 67?
1
What is the remainder when 97 is divided by 10?
7
What is the remainder when 172 is divided by 11?
7
What is the remainder when 665 is divided by 251?
163
What is the remainder when 543 is divided by 13?
10
What is the remainder when 2281 is divided by 1135?
11
Calculate the remainder when 6590 is divided by 13.
12
What is the remainder when 4572 is divided by 104?
100
What is the remainder when 57 is divided by 4?
1
Calculate the remainder when 751 is divided by 246.
13
What is the remainder when 133 is divided by 68?
65
What is the remainder when 6103 is divided by 109?
108
Calculate the remainder when 224 is divided by 25.
24
What is the remainder when 367 is divided by 131?
105
What is the remainder when 256 is divided by 36?
4
What is the remainder when 276 is divided by 10?
6
What is the remainder when 849 is divided by 17?
16
What is the remainder when 19677 is divided by 32?
29
Calculate the remainder when 4124 is divided by 153.
146
What is the remainder when 1124 is divided by 94?
90
Calculate the remainder when 172 is divided by 53.
13
What is the remainder when 3473 is divided by 81?
71
Calculate the remainder when 935 is divided by 3.
2
What is the remainder when 2248 is divided by 173?
172
What is the remainder when 118 is divided by 50?
18
Calculate the remainder when 4382 is divided by 86.
82
What is the remainder when 211 is divided by 79?
53
Calculate the remainder when 1012 is divided by 30.
22
Calculate the remainder when 48 is divided by 11.
4
What is the remainder when 62 is divided by 12?
2
What is the remainder when 224 is divided by 38?
34
Calculate the remainder when 10914 is divided by 59.
58
Calculate the remainder when 84 is divided by 15.
9
What is the remainder when 498 is divided by 22?
14
Calculate the remainder when 677 is divided by 34.
31
Calculate the remainder when 951 is divided by 475.
1
Calculate the remainder when 390 is divided by 158.
74
What is the remainder when 5467 is divided by 911?
1
Calculate the remainder when 37 is divided by 15.
7
Calculate the remainder when 110 is divided by 53.
4
What is the remainder when 2372 is divided by 21?
20
Calculate the remainder when 2947 is divided by 104.
35
Calculate the remainder when 160 is divided by 34.
24
Calculate the remainder when 110 is divided by 16.
14
Calculate the remainder when 165 is divided by 12.
9
Calculate the remainder when 5275 is divided by 30.
25
Calculate the remainder when 245 is divided by 124.
121
Calculate the remainder when 167 is divided by 88.
79
What is the remainder when 45 is divided by 18?
9
What is the remainder when 84 is divided by 43?
41
What is the remainder when 13405 is divided by 8?
5
What is the remainder when 296 is divided by 43?
38
What is the remainder when 363 is divided by 14?
13
What is the remainder when 1892 is divided by 211?
204
What is the remainder when 826 is divided by 205?
6
What is the remainder when 234 is divided by 85?
64
What is the remainder when 209 is divided by 43?
37
Calculate the remainder when 43 is divided by 41.
2
Calculate the remainder when 42 is divided by 21.
0
Calculate the remainder when 768 is divided by 250.
18
Calculate the remainder when 212 is divided by 46.
28
What is the remainder when 963 is divided by 65?
53
Calculate the remainder when 1142 is divided by 219.
47
Calculate the remainder when 551 is divided by 23.
22
What is the remainder when 1748 is divided by 21?
5
What is the remainder when 567 is divided by 71?
70
What is the remainder when 44728 is divided by 15?
13
Calculate the remainder when 39 is divided by 23.
16
Calculate the remainder when 262 is divided by 8.
6
What is the remainder when 123 is divided by 9?
6
Calculate the remainder when 10 is divided by 1.
0
What is the remainder when 493 is divided by 45?
43
What is the remainder when 48 is divided by 11?
4
What is the remainder when 107 is divided by 28?
23
What is the remainder when 66 is divided by 23?
20
Calculate the remainder when 591 is divided by 245.
101
Calculate the remainder when 518 is divided by 77.
56
What is the remainder when 32 is divided by 13?
6
What is the remainder when 325 is divided by 27?
1
What is the remainder when 380 is divided by 143?
94
Calculate the remainder when 165 is divided by 22.
11
Calculate the remainder when 311 is divided by 101.
8
What is the remainder when 121 is divided by 58?
5
Calculate the remainder when 61 is divided by 28.
5
What is the remainder when 8799 is divided by 54?
51
Calculate the remainder when 74 is divided by 40.
34
Calculate the remainder when 902 is divided by 38.
28
Calculate the remainder when 34 is divided by 20.
14
Calculate the remainder when 114 is divided by 57.
0
What is the remainder when 127 is divided by 9?
1
Calculate the remainder when 189 is divided by 179.
10
Calculate the remainder when 61 is divided by 17.
10
Calculate the remainder when 606 is divided by 8.
6
Calculate the remainder when 6092 is divided by 1519.
16
Calculate the remainder when 2573 is divided by 112.
109
What is the remainder when 19555 is divided by 11?
8
Calculate the remainder when 259 is divided by 40.
19
Calculate the remainder when 55 is divided by 41.
14
What is the remainder when 244 is divided